remainder when g(-13) is divided by 259?
23
Let c(n) = -97*n + 446. What is the remainder when c(1) is divided by 11?
8
Let y = -5 + 22. Let g be ((-8)/12)/((-2)/(-9)). What is the remainder when y is divided by (-4)/(-1 + g) + 9?
7
Suppose d + 65 = 6*d. Suppose m - 6*m - 2*g = -105, -4*m + 5*g + 117 = 0. Let b = 80 + m. What is the remainder when b is divided by d?
12
Let w(p) = 15*p + 1100. Calculate the remainder when 306 is divided by w(-66).
86
Let q be 7 + 3/((-3)/3*-1). Suppose -q*k = -27*k + 1768. What is the remainder when k is divided by 49?
6
Let d be 16/5*(-30)/(-12). Suppose -d*m = -9*m. Let b(c) = -6*c + 106. Calculate the remainder when b(m) is divided by 18.
16
Let h(a) = -750*a + 13884. Calculate the remainder when 775 is divided by h(18).
7
Suppose -28*c + 1799 = -1337. Calculate the remainder when 143 is divided by (928/c)/((-6)/(-21)).
27
What is the remainder when 3908 + (-42)/(-84)*(-4 + 2 + 12) is divided by 44?
41
Let w(j) = 48*j - 258. What is the remainder when 1635 is divided by w(8)?
123
Let t = -9173 + 9287. Calculate the remainder when 325 is divided by t.
97
Let f(n) = 3*n - 11. Suppose 0 = 4*d - 3 - 5. Suppose -j + 4*j - 1 = -d*h, 5*h - 2*j = 31. What is the remainder when 5 is divided by f(h)?
1
Suppose 4*r = -3*c - 197, -4*c + 3*r - 99 = 122. Let t = c + 35. What is the remainder when 110 is divided by 0 + (-714)/t + (-3)/4?
23
Suppose 6*i - 70 = i. Let p(f) = -f**2 - 146*f - 2688. What is the remainder when p(-22) is divided by i?
12
Let o = 43 + -38. Let d be (-2 + 5/o)*(22 + 0). What is the remainder when (-4*(-1)/(-3))/(d/1485) is divided by 23?
21
Let p = -58 + 62. Suppose 0 = -12*y + 8*y - u + 29, -33 = -p*y - 5*u. Calculate the remainder when y is divided by 5.
2
Suppose -4863 = -9*v - 1011. Calculate the remainder when v is divided by 32.
12
What is the remainder when (-2)/(-3) + 702336/279 is divided by 29?
24
Suppose -3*i - 7*i + 7*i = 0. Suppose -8*u + 32 = -i*u. Let x(k) = k**2 + 4*k + 4. Calculate the remainder when u is divided by x(-3).
0
Let t(y) = y + 7. Suppose 0 = -3*b, 4*i - 8 = 5*b - 7*b. Calculate the remainder when -7 + 62/i + 6 is divided by t(0).
2
Let t(i) = -i + 44. Let u be t(24). What is the remainder when 557 is divided by 17 - u/(-70)*-14?
11
Calculate the remainder when 2108 is divided by (-408)/(-15) - (-2)/(-9 + -1) - -6.
29
Let p(v) = -20*v + 242. Calculate the remainder when p(7) is divided by 51.
0
Let m(p) = -p - 1. Let l(z) = -7*z - 28. Let y(u) = -l(u) + 3*m(u). Let j be y(-6). What is the remainder when ((3 - 5)*j - -25) + -2 is divided by 14?
7
Suppose 25*p + 47*p + 16*p - 285912 = 0. What is the remainder when p is divided by 12?
9
Suppose -9*c - 1530 = -24*c. Let d = c + -77. Calculate the remainder when 72 is divided by d.
22
What is the remainder when 148/3*(-351249)/(-2452) is divided by 93?
92
Let v = 270 - 249. Suppose 0 = -6*i + 45 + v. Calculate the remainder when 51 is divided by i.
7
Let r be -11 - -8 - (-20)/1. Suppose -r = -5*o - 3*s, -3*s - s = 4. Suppose 0 = -z + o*z - 507. What is the remainder when z is divided by 19?
17
What is the remainder when (-55)/3*(1648/(-20) + -43) is divided by 73?
36
Let w = -9647 + 9855. What is the remainder when w is divided by 4?
0
Suppose 14*x - 785977 = -11*x + 128323. What is the remainder when x is divided by 35?
32
Suppose -8*p = 62*p - 3*p - 57151. What is the remainder when p is divided by 45?
43
Let z(n) = -n**3 + 25*n**2 - 21*n - 65. Suppose 0 = -a + 10. Calculate the remainder when a is divided by z(24).
3
Let o(n) = 20*n + 56. Calculate the remainder when 74 is divided by o(-2).
10
Suppose 4*t - 5*f - 52 = -4, 0 = t + f - 21. What is the remainder when 1002/15 + 6/30 is divided by t?
16
Suppose -4*r - 4*p = -9*p - 137, 0 = 2*p - 6. What is the remainder when 115 is divided by r?
1
Let a(c) = -11*c**2 + 6*c - 12. Let l be a(-4). Let x = l - -265. What is the remainder when x is divided by 8?
5
Let d be 4/(-12) - (-3)/(18/(-586)). Let x = d + 144. What is the remainder when 84 is divided by x?
38
Let w(l) = 14*l**3 + 9*l**2 + 8*l**3 - 5*l - 35 - 23*l**3. What is the remainder when 83 is divided by w(7)?
27
Let l(d) = 6*d - 8. Let z be 18/5 - 33/55. Let i be l(z). Suppose i*k = 378 - 88. Calculate the remainder when 83 is divided by k.
25
Let h(a) = a**3 + 8*a**2 - 3*a - 73. Let z be h(-7). Calculate the remainder when (-2 + z/2)/((-6)/516) is divided by 51.
46
Let g(c) = 29*c**2 - 235*c + 29. Suppose 2*r - 2*d = 70, d + 2*d = 5*r - 177. Calculate the remainder when r is divided by g(8).
1
Let o = 30 + -4. Let t(w) = w**3 + 15*w**2 - 9*w + 4. Let y be t(-16). Let l = 209 + y. What is the remainder when l is divided by o?
23
Suppose 0 = -3*k + j + 325, 3*k - 2*j + 230 = 5*k. Calculate the remainder when 227 is divided by k.
7
Let h = -3400 + 3469. What is the remainder when 201 is divided by h?
63
Suppose -35 = 33*a - 40*a. Let l = 3 - -2. What is the remainder when (a - 6/1) + (-3 - -38) is divided by l?
4
Suppose 3*h - 1631 = 5*u, -5*h - 5*u = 399 - 3064. What is the remainder when h is divided by (0 + 7)*(-60)/70*-10?
57
Suppose 2*v + 0*v = 72. Suppose 690 = v*w - 13*w. What is the remainder when 507 is divided by w?
27
Suppose 10*i = -27 - 73. Let a be 1*(-1)/((-2)/52). Let j = a + i. Calculate the remainder when 77 is divided by j.
13
Let p = 3555 - 3535. What is the remainder when p is divided by 3/(17/4 - 4)?
8
Suppose l - 18*f - 3788 = -16*f, -3*f + 15152 = 4*l. What is the remainder when l is divided by 12?
8
Suppose -g + 9 = 7. Calculate the remainder when (-68 + 0 + g)/(-2) is divided by (-94)/(-10) - 2/5.
6
Suppose 66 = 22*x - 19*x. Suppose s = 11*s - 50. What is the remainder when x is divided by s?
2
Let p(y) = y**3 - 16*y**2 + 15*y - 3. Let a be p(15). Let q be 4 + (-3)/(4/(-1 + a)). Suppose -q*w - 83 = -405. Calculate the remainder when w is divided by 19.
8
Let p(m) = -157*m + 2140. Let i = 29 - -31. Let z = -26 + i. Calculate the remainder when p(13) is divided by z.
31
Suppose -4*c + 22 = 3*n - 4*n, 2*c = 4*n + 32. Calculate the remainder when 73 is divided by (-81)/n*(-9)/((-18)/4).
19
Let h(j) = j**2 + 3*j - 8. Suppose 6*x - 11*x = -5. Let n be (123/164)/((-2)/16*x). What is the remainder when h(n) is divided by 7?
3
What is the remainder when 5686 is divided by (-18)/15 - ((-468)/45)/2?
2
Let f = 32727 - 27760. What is the remainder when f is divided by 46?
45
Let d(s) = 3*s**2 - 248*s - 1578. What is the remainder when 2536 is divided by d(-6)?
16
What is the remainder when 595 is divided by (-65)/(-26)*(-24)/10 + 155?
148
Let r(k) = -1120*k - 598. What is the remainder when r(-1) is divided by 163?
33
Suppose 19703 + 6217 = 24*b. Suppose -3*w + 3*a - 5*a = -b, 1822 = 5*w - 4*a. Calculate the remainder when w is divided by 33.
32
Let q(n) = -n**3 + 9*n**2 + 13*n - 8. Suppose 8*x - 9 = 10*x - 41. What is the remainder when q(10) is divided by x?
6
Suppose 0 = 4*q + 5*u - 76, 3*q - 194*u = -198*u + 55. Calculate the remainder when 2588 is divided by q.
7
Let n = -2245 + 2259. What is the remainder when 235 is divided by n?
11
Suppose 19*x - 20*x = 3, 1284 = 3*v + 2*x. Calculate the remainder when v is divided by 110.
100
Suppose -26*g - 15 = -111 - 34. Calculate the remainder when 169 is divided by g.
4
Let n be 13212/135 + 2/15. Suppose -3*q + n = 3*p - 103, 0 = p - 5*q - 67. What is the remainder when p is divided by 18?
13
Let a(n) be the second derivative of -2*n**3/3 - 54*n**2 - 53*n + 1. What is the remainder when 172 is divided by a(-31)?
12
Let x = 3715 + -3705. What is the remainder when 589 is divided by x?
9
Let p = 16699 - 16524. What is the remainder when 197 is divided by p?
22
Suppose -6*b - 3*b - 117 = 0. Let n(h) = h**3 + 15*h**2 + 5*h + 50. What is the remainder when n(b) is divided by 25?
23
Let s(u) = -4*u - 5. Suppose -18*f = f + 57. Calculate the remainder when s(f) is divided by 6.
1
Let n(p) = -253*p - 18132. What is the remainder when n(-73) is divided by 13/3*(9 - 3)?
25
Let g = -11729 + 11778. What is the remainder when 1713 is divided by g?
47
Let q be (232/16)/((-2)/(-4)). Let b = q + -19. Suppose -3*g + 4*j - b = 0, g - 22 = -0*j - 5*j. What is the remainder when 4 is divided by g?
0
Let c = -6731 - -12944. Calculate the remainder when c is divided by 84.
81
